2, -h - 5*j = 8. Suppose -7552 = -h*g + 12811. Is g composite?
False
Let x(q) = -2609*q**3 + 8*q**2 - 3*q - 54. Let p be x(-6). Suppose -76*k = -40*k - p. Is k prime?
True
Let s(v) = v**2 + 38*v + 3. Let k be s(-9). Let j = 733 + k. Let i = -184 + j. Is i a composite number?
True
Let q(c) = -17 - 3*c + 5*c**3 + 4*c - 469*c**2 + 457*c**2. Is q(10) a composite number?
False
Let c = 2611 + 8206. Suppose -c = -10*u + 117123. Is u a prime number?
False
Let w = -80329 + 174842. Is w a composite number?
False
Let f = -16904 + 143055. Is f prime?
True
Suppose -14*m = -15*m + 470. Let t = 3237 - m. Is t composite?
False
Let d(z) = -z**2 - 4*z + 9. Let x be d(4). Let f = -28 - x. Let i(s) = -6*s**3 + 7*s**2 - 6. Is i(f) composite?
False
Let z(s) = -124*s**3 + 30*s**2 + 134*s + 13. Is z(-17) prime?
True
Suppose -425*n + 386093238 = 14110700 + 32021213. Is n a composite number?
True
Suppose -6*a + 8*a + 5*w = 16447, -5*w = -a + 8216. Suppose z - 13711 = -5*x, -3*x = 133*z - 131*z - a. Is x prime?
False
Let y be (-20272316)/30 - ((-104)/60)/(-13). Is (y/336)/((-4)/14) a prime number?
True
Let q(s) = 9*s - 35. Let c be q(6). Suppose -2569 = -c*v + 262. Is v a prime number?
True
Let d(p) = -15*p + 10*p**2 + 25*p - 3*p + 17 + 17*p**2. Let z(j) = j**3 + 5*j**2 + 2*j + 3. Let x be z(-5). Is d(x) a composite number?
False
Suppose 471 = 4*c - 5*g, c + 23*g = 19*g + 144. Let z(a) = -a**3 - 5*a**2 - 6*a - 5. Let m be z(-4). Suppose 0 = m*y + c - 823. Is y a prime number?
True
Suppose -4*v = 152 - 184. Suppose -9106 - 1782 = -v*y. Is y a prime number?
True
Let d(h) = -238*h**2 + 32*h + 185. Let a be d(-14). Is 34/51 - a/9 composite?
True
Suppose -4*q + 0*x + 2*x + 26 = 0, 5*q - x - 40 = 0. Is (18256/(-24))/((-6)/q) prime?
False
Let y(q) = 127*q**2 - 52*q + 24. Let l be y(-15). Suppose -l = 54*j - 75*j. Is j a prime number?
True
Let k(f) = -97*f. Let s(i) = 388*i + 1. Let b(j) = -9*k(j) - 2*s(j). Let t be b(6). Let x = t - 158. Is x a prime number?
False
Suppose -5*f = -3*a - 200705, 2*a = -4*f - 3*a + 160601. Let v(r) = -99*r**2 + 103*r + 11. Let z be v(-16). Let x = f + z. Is x prime?
True
Is (-41802354)/(-255) - (1/5)/(-1) a prime number?
False
Let x(z) = -53*z + 354*z + 99*z + 9. Is x(20) a composite number?
False
Let t = 108 + -89. Let n = -16 + t. Suppose n*f = -0*r - r + 2859, 3*f = 2*r + 2859. Is f prime?
True
Suppose 99*x + 27554493 = 270*x - 110*x. Is x composite?
True
Let w be 7 - 30/5 - 4321. Let q = w + 9547. Is q a composite number?
False
Let z(t) = 73*t**2 - 420*t + 56. Is z(81) prime?
False
Suppose -627*q = -a - 636*q + 377560, 2*a - 755190 = -4*q. Is a prime?
False
Let q = -23 + 25. Let n be -2 + q - (1 + -6). Suppose n*r = -2*p + 89, -p - 60 = -3*r - 0*r. Is r a composite number?
False
Suppose -2392 = 48*v - 49*v. Suppose 3*o = -4*r + 4937, -881 = -2*o + r + v. Is o a composite number?
True
Let y be 4/10 + 2432/95. Suppose 21*i - y*i = -6845. Is i a prime number?
False
Suppose -3*k - 9711 = 3*z, -3240 = k + z + 3*z. Let m = 2358 - k. Is m a prime number?
False
Suppose -r + 11 = 3*q - 41, 3*r = 2*q + 101. Suppose r*y - 34*y = 4197. Is y prime?
True
Let f(t) = -8*t**3 - 16*t**2 - 50*t + 13. Let k be f(-17). Suppose 10963 - k = -4*d. Is d composite?
True
Let q(d) = -1984*d + 309. Let k be q(6). Is ((2 - k)*1)/1 a composite number?
False
Let l be -1*(-5 - -9) - 421. Let y = 102 - l. Is y a composite number?
True
Suppose 3202876 = -37*i + 153*i. Is i a composite number?
False
Let b be 0/(3 - 20/5). Let k(d) = -d - 189. Let u be k(b). Is (-3)/(-6) + u/(-2) a composite number?
True
Is 39/(-24) - -2 - (-14 + 46436546/(-208)) a prime number?
False
Suppose 172 = -3*d + 5*d. Suppose u - 2*v = d, 2*v - 30 = -u + 44. Suppose -2*t + 2*q = -46, -3*q + 2*q = -4*t + u. Is t a composite number?
False
Let r(d) = 26*d**2 - 4*d - 2. Let j = 86 + -79. Let f be r(j). Suppose t + f = 5*t. Is t a composite number?
False
Let c(r) = 70122*r - 1829. Is c(30) a prime number?
False
Suppose h + 177391 + 514434 = 3*q, -2*q = 5*h - 461177. Is q a composite number?
True
Let a = -197479 - -326574. Is a prime?
False
Suppose 210748 + 28338 = 2*o + 4*r, r = -3*o + 358644. Is o prime?
True
Suppose 2*g = 115 - 157. Is (1 + -12762)*(20 + g) prime?
False
Suppose -7*k + 205476 = -613475. Is k prime?
True
Let q = -46 + 49. Let c(h) = 736*h**2 - 6*h - 7. Is c(q) composite?
False
Let s = -68 + 62. Let w(x) = -13*x - 31. Let t be w(s). Let o = 54 - t. Is o composite?
False
Let f = 136 - -13. Let c = 5 - 128. Let v = f + c. Is v a prime number?
False
Let n be (8/(-32))/((-1)/4)*2. Suppose n*g - 5*g + 11837 = 4*q, -3*g = 5*q - 14800. Is q prime?
True
Let c(f) = -6*f + 38. Let u be c(5). Let l(g) = -g**3 - 18*g**2 + 10*g + 16. Let t be l(u). Let q = t + 4191. Is q composite?
True
Let p = 34796 + -56478. Let u = p + 51683. Is u a prime number?
False
Suppose -2*q = m - 7*q - 11, m - 3*q - 13 = 0. Is 1*(m/(-24) - (-15022)/6) a prime number?
True
Let a(y) = y**3 + 17*y**2 - 20*y + 17. Let i be a(-18). Let f = -49 + i. Suppose -5*v - 2*d + 1623 = -6*d, f*v - 1284 = -4*d. Is v composite?
True
Let c be -7 - (-2 + 10)/(-4). Let f be (78 - -1)/(c/(-25)). Is f/10 + (-4)/8 a prime number?
False
Let h be 225/12 + (-44)/16 + 2. Suppose 0 = h*g - 42178 - 44852. Is g prime?
False
Let a(d) = -3*d**2 + 16*d + 22 - 158*d**3 + 4*d**2 - 66*d**3 + 84*d**3. Is a(-5) prime?
True
Let a = -25060 - -230907. Is a a composite number?
False
Let c(y) = 326*y**2 + 14*y - 66. Let p be c(4). Suppose -p = -2*s + 3*t, 2*s - 7815 = -s + 3*t. Is s a prime number?
True
Suppose 12*i - 3*x = 13*i - 49, 209 = 5*i - 3*x. Suppose f + 330 = 4*a, 2*a - i = f + 121. Is a a composite number?
False
Suppose 0 = -f - 7*f - 40. Let i(w) = -6*w**3 - 5*w**2 + 5*w + 140. Let m(t) = -t**3 - t**2 + t - 1. Let h(z) = f*m(z) + i(z). Is h(0) prime?
False
Let l(z) = z**3 + 127*z**2 - 187*z + 580. Is l(-98) composite?
True
Is (-390703 + 0)/(3 + -6 + 2) a composite number?
False
Suppose -3*u - 3*a = u - 35, -3*u + 28 = 4*a. Let h(w) = -u + 21 + 6 - 177*w + 549*w. Is h(4) prime?
False
Suppose 142*c + 32 = 150*c. Is (-2)/((-2)/1725) - (8 - c) composite?
False
Let v(u) = 87*u**2 + 5*u - 3. Let f = 112 - 116. Let k be v(f). Is ((-30)/(-40))/(3/8) + k composite?
True
Let z be 6/6 - -152*220. Suppose r - z = -69*u + 71*u, 2*r = 5*u + 66880. Is r composite?
True
Suppose -5*q + 4*i + 25901 = 0, 15277 = 3*q - 3*i - 266. Is q + ((-5)/(-20))/((-3)/(-60)) composite?
True
Let d = 1396 - 469. Let y = d + -446. Is y composite?
True
Let w be (-4)/(-4) - (0 + 1). Let l be 2438/23 - ((-2)/1 - w). Suppose -113*q + 6095 = -l*q. Is q prime?
False
Suppose 0 = 3*b - 9, 48 = -4*c + 2*b - 6. Let x be -6*(3 - (-62)/c). Suppose -3*g - 7490 = -x*g. Is g prime?
False
Suppose -3*n + 53145 = 2*i - 88812, 0 = 2*n + 3*i - 94643. Is n a composite number?
False
Suppose -63*x - 211*x + 4615016 = -13778330. Is x a composite number?
False
Suppose 0 - 2 = -2*g. Suppose 18*q - 19 + 1 = 0. Is q*(-1 - (-1008 + g)) a prime number?
False
Suppose -6*z + 10*z = 44. Suppose -z + 17 = 2*v. Suppose u - 3*x = -u + 299, -v*u - 4*x = -491. Is u a prime number?
True
Let j(f) = -f**3 + 7*f**2 + 9*f - 7. Suppose 0 = 5*o + 4 - 44. Let g be j(o). Is g*-4 + -8 + 8 + 881 a prime number?
True
Let l(n) = -4*n**2 + 12*n - 5. Let d(u) = -3*u**2 + 12*u - 4. Let r(w) = 4*d(w) - 5*l(w). Let s(a) = 3*a**2 - 2*a - 1. Let g be s(2). Is r(g) composite?
False
Let y(c) = -8*c**3 - 25*c**2 + 76*c + 51. Is y(-20) a prime number?
False
Suppose -104260 - 205797 = -6*t + 467429. Is t a prime number?
True
Is (-15)/(-25)*5 - 391854/(-3) prime?
True
Suppose -4*j + 3*i = -56, 0 = -4*j - 54*i + 51*i + 56. Suppose -j*z + 1524 = -10*z. Is z prime?
False
Let g = 3269 + -971. Let u = g - 1241. Is u composite?
True
Let z be 4/26 + (-200)/(-52). Suppose 4*y - 3*y = z*i - 15035, -2*y - 18793 = -5*i. Suppose 0 = -5*k + i + 56. Is k a composite number?
True
Let y = 820 + -171. Suppose 67361 - y = 8*s. Is s composite?
True
Let a(y) = 10*y + 72. Let c be a(-7). Suppose -375 = -k + g, 431 = c*k + 2*g - 311. Is k prime?
True
Suppose 0*b = j - 5*b - 3930, -2*j + 2*b = -7900. Suppose 10*i - 37 = 43. Suppose -i*g + g = -j. Is g prime?
False
Let y be 8/4 - ((-6 - -1) + 9). Is (0 - 11839)*y*(-8)/(-16) composite?
False
Is (-164 - -28476) + 15*1 a prime 